{"id":181,"date":"2024-05-23T13:07:00","date_gmt":"2024-05-23T11:07:00","guid":{"rendered":"http:\/\/www.melante.de\/mitglieder\/"},"modified":"2024-05-24T10:18:05","modified_gmt":"2024-05-24T08:18:05","slug":"musicians","status":"publish","type":"page","link":"https:\/\/www.melante.de\/en\/musicians\/","title":{"rendered":"Musicians"},"content":{"rendered":"<h1>Members<\/h1>\n<div>\n<p>Raimar Orlovsky; Violine<br \/>Philipp Bohnen; Violine<br \/>Eva Maria Tomasi; Viola<br \/>Kristin v.d. Goltz; Violoncello<br \/>Ulrich Wolff; Viola da Gamba &amp; Violone<br \/>Andreas Arend; Laute<br \/>L\u00e9on Berben; Orgel &amp; Cembalo<\/p>\n<\/div>\n<h2>Guests<\/h2>\n<div>\n<p>Marie Radauer Plank; Violine<br \/>Matthias Hummel; Violine<br \/>Martin Heinze; Violone<br \/>Verena Fischer; Traversfl\u00f6te<br \/>Saskia Fikentscher; Oboe &amp; Blockfl\u00f6te<br \/>Kerstin Fahr; Blockfl\u00f6te<br \/>Dominik Wollenweber; Oboe<\/p>\n<\/div>\n<p><!--more--><br \/>\n<!-- {\"type\":\"layout\",\"children\":[{\"type\":\"section\",\"props\":{\"height\":\"viewport\",\"height_offset_top\":true,\"image_position\":\"center-center\",\"style\":\"default\",\"title_breakpoint\":\"xl\",\"title_position\":\"top-left\",\"title_rotation\":\"left\",\"vertical_align\":\"middle\",\"width\":\"small\"},\"children\":[{\"type\":\"row\",\"props\":{\"layout\":\"1-2,1-2\"},\"children\":[{\"type\":\"column\",\"props\":{\"image_position\":\"center-center\",\"position_sticky_breakpoint\":\"m\",\"width_medium\":\"1-2\",\"width_small\":\"1-2\"},\"children\":[{\"type\":\"headline\",\"props\":{\"content\":\"Members\",\"text_align\":\"center\",\"title_element\":\"h1\"}},{\"type\":\"text\",\"props\":{\"column_breakpoint\":\"m\",\"content\":\"\n\n<p>Raimar Orlovsky; Violine<br \\\/>Philipp Bohnen; Violine<br \\\/>Eva Maria Tomasi; Viola<br \\\/>Kristin v.d. Goltz; Violoncello<br \\\/>Ulrich Wolff; Viola da Gamba &amp; Violone<br \\\/>Andreas Arend; Laute<br \\\/>L\\u00e9on Berben; Orgel &amp; Cembalo<\\\/p>\",\"margin\":\"default\",\"text_align\":\"center\"}}]},{\"type\":\"column\",\"props\":{\"image_position\":\"center-center\",\"position_sticky_breakpoint\":\"m\",\"width_medium\":\"1-2\",\"width_small\":\"1-2\"},\"children\":[{\"type\":\"headline\",\"props\":{\"content\":\"Guests\",\"text_align\":\"center\",\"title_element\":\"h2\",\"title_style\":\"h1\"}},{\"type\":\"text\",\"props\":{\"column_breakpoint\":\"m\",\"content\":\"\n\n<p>Marie Radauer Plank; Violine<br \\\/>Matthias Hummel; Violine<br \\\/>Martin Heinze; Violone<br \\\/>Verena Fischer; Traversfl\\u00f6te<br \\\/>Saskia Fikentscher; Oboe &amp; Blockfl\\u00f6te<br \\\/>Kerstin Fahr; Blockfl\\u00f6te<br \\\/>Dominik Wollenweber; Oboe<\\\/p>\",\"margin\":\"default\",\"text_align\":\"center\"}}]}]}]}],\"version\":\"4.3.8\",\"yooessentialsVersion\":\"2.2.11\"} --><\/p>\n","protected":false},"excerpt":{"rendered":"<p>Members Raimar Orlovsky; ViolinePhilipp Bohnen; ViolineEva Maria Tomasi; ViolaKristin v.d. Goltz; VioloncelloUlrich Wolff; Viola da Gamba &amp; VioloneAndreas Arend; LauteL\u00e9on Berben; Orgel &amp; Cembalo Guests Marie Radauer Plank; ViolineMatthias Hummel; ViolineMartin Heinze; VioloneVerena Fischer; Traversfl\u00f6teSaskia Fikentscher; Oboe &amp; Blockfl\u00f6teKerstin Fahr; Blockfl\u00f6teDominik Wollenweber; Oboe<\/p>\n","protected":false},"author":1,"featured_media":0,"parent":0,"menu_order":0,"comment_status":"closed","ping_status":"closed","template":"","meta":{"_acf_changed":false,"footnotes":""},"class_list":["post-181","page","type-page","status-publish","hentry"],"acf":[],"_links":{"self":[{"href":"https:\/\/www.melante.de\/en\/wp-json\/wp\/v2\/pages\/181","targetHints":{"allow":["GET"]}}],"collection":[{"href":"https:\/\/www.melante.de\/en\/wp-json\/wp\/v2\/pages"}],"about":[{"href":"https:\/\/www.melante.de\/en\/wp-json\/wp\/v2\/types\/page"}],"author":[{"embeddable":true,"href":"https:\/\/www.melante.de\/en\/wp-json\/wp\/v2\/users\/1"}],"replies":[{"embeddable":true,"href":"https:\/\/www.melante.de\/en\/wp-json\/wp\/v2\/comments?post=181"}],"version-history":[{"count":2,"href":"https:\/\/www.melante.de\/en\/wp-json\/wp\/v2\/pages\/181\/revisions"}],"predecessor-version":[{"id":183,"href":"https:\/\/www.melante.de\/en\/wp-json\/wp\/v2\/pages\/181\/revisions\/183"}],"wp:attachment":[{"href":"https:\/\/www.melante.de\/en\/wp-json\/wp\/v2\/media?parent=181"}],"curies":[{"name":"wp","href":"https:\/\/api.w.org\/{rel}","templated":true}]}}

<h1>Members</h1>
<div>
<p>Raimar Orlovsky; Violine<br />Philipp Bohnen; Violine<br />Eva Maria Tomasi; Viola<br />Kristin v.d. Goltz; Violoncello<br />Ulrich Wolff; Viola da Gamba &amp; Violone<br />Andreas Arend; Laute<br />Léon Berben; Orgel &amp; Cembalo</p>
</div>
<h2>Guests</h2>
<div>
<p>Marie Radauer Plank; Violine<br />Matthias Hummel; Violine<br />Martin Heinze; Violone<br />Verena Fischer; Traversflöte<br />Saskia Fikentscher; Oboe &amp; Blockflöte<br />Kerstin Fahr; Blockflöte<br />Dominik Wollenweber; Oboe</p>
</div>
<p><!--more--><br />
<!-- {"type":"layout","children":[{"type":"section","props":{"height":"viewport","height_offset_top":true,"image_position":"center-center","style":"default","title_breakpoint":"xl","title_position":"top-left","title_rotation":"left","vertical_align":"middle","width":"small"},"children":[{"type":"row","props":{"layout":"1-2,1-2"},"children":[{"type":"column","props":{"image_position":"center-center","position_sticky_breakpoint":"m","width_medium":"1-2","width_small":"1-2"},"children":[{"type":"headline","props":{"content":"Members","text_align":"center","title_element":"h1"}},{"type":"text","props":{"column_breakpoint":"m","content":"

<p>Raimar Orlovsky; Violine<br \/>Philipp Bohnen; Violine<br \/>Eva Maria Tomasi; Viola<br \/>Kristin v.d. Goltz; Violoncello<br \/>Ulrich Wolff; Viola da Gamba &amp; Violone<br \/>Andreas Arend; Laute<br \/>L\u00e9on Berben; Orgel &amp; Cembalo<\/p>","margin":"default","text_align":"center"}}]},{"type":"column","props":{"image_position":"center-center","position_sticky_breakpoint":"m","width_medium":"1-2","width_small":"1-2"},"children":[{"type":"headline","props":{"content":"Guests","text_align":"center","title_element":"h2","title_style":"h1"}},{"type":"text","props":{"column_breakpoint":"m","content":"

<p>Marie Radauer Plank; Violine<br \/>Matthias Hummel; Violine<br \/>Martin Heinze; Violone<br \/>Verena Fischer; Traversfl\u00f6te<br \/>Saskia Fikentscher; Oboe &amp; Blockfl\u00f6te<br \/>Kerstin Fahr; Blockfl\u00f6te<br \/>Dominik Wollenweber; Oboe<\/p>","margin":"default","text_align":"center"}}]}]}]}],"version":"4.3.8","yooessentialsVersion":"2.2.11"} --></p>

<p>Members Raimar Orlovsky; ViolinePhilipp Bohnen; ViolineEva Maria Tomasi; ViolaKristin v.d. Goltz; VioloncelloUlrich Wolff; Viola da Gamba &amp; VioloneAndreas Arend; LauteLéon Berben; Orgel &amp; Cembalo Guests Marie Radauer Plank; ViolineMatthias Hummel; ViolineMartin Heinze; VioloneVerena Fischer; TraversflöteSaskia Fikentscher; Oboe &amp; BlockflöteKerstin Fahr; BlockflöteDominik Wollenweber; Oboe</p>
